ive of y**5/10 - y**4/24 + y**3 - 2*y**2. Let k(g) = -5*a(g) - 4*l(g). Is k(-2) a prime number?
True
Let f(r) = -r**3 + 26*r**2 + 16*r + 8. Is f(13) prime?
False
Suppose 6*i = -0*i + 1194. Suppose r - 4*r + 29 = 4*s, 2*r + 5*s - 31 = 0. Suppose -580 = -r*t - i. Is t prime?
True
Suppose -4*z + 236 = -2*r + 1762, -10*r = 3*z - 7676. Is r prime?
False
Let u = -50 - -56. Suppose 2*g - 5*t = 5742, 0 = u*t - t + 20. Is g a prime number?
True
Suppose -y + 5*g + 31 = y, -y + 3*g + 18 = 0. Let c(m) = -m**2 + 8*m - 4. Is c(y) a prime number?
True
Suppose 0 = -4*n - 3*h + 23582, 0 = -10*n + 7*n + 5*h + 17701. Is n a composite number?
False
Suppose -14*j + 4666 = 1474. Let i = 429 - j. Is i a prime number?
False
Let l(o) = o**2 + 9. Let y be l(0). Let p(g) = -2*g + 4*g**2 + y*g - 3*g + 3. Is p(-5) composite?
False
Let d be 302/18 + (-12)/(-54). Is (259/21)/(d/(-9) - -2) a composite number?
True
Suppose 3*f - 5*l - 5957 - 515 = 0, -4316 = -2*f + 2*l. Is f a composite number?
True
Let d(h) = 52*h**2 - 46*h + 1. Let c be d(20). Let j = -8240 + c. Is j composite?
True
Suppose -2*p + 4 = 0, 4*p + 24 = 3*u - 67. Is u a prime number?
False
Let w(a) = -38*a - 17. Let s = 34 + -37. Is w(s) a prime number?
True
Let z(p) = 11*p**3 - 21*p**2 + 27*p + 27. Let m(o) = 5*o**3 - 10*o**2 + 13*o + 13. Let v(l) = -13*m(l) + 6*z(l). Let x be v(-5). Is (-804)/(-9) + x/(-9) prime?
True
Suppose 4*n = -7*n + 22. Is n/3*(-1 + 880) a composite number?
True
Let a(l) = l**3 + 4*l**2 + 2*l + 2. Let t be a(-3). Suppose 0 = 3*i + t*h - 2687, 2*i + i + 4*h - 2683 = 0. Is i composite?
True
Let r(t) = -t**3 + 23*t**2 - 15*t - 17. Let g be r(15). Suppose g + 671 = 3*v. Is v prime?
True
Let a be ((-81)/5 + 3)*-300. Suppose 3*z - 3*w + 6*w - 2991 = 0, a = 4*z - 3*w. Suppose -4*x + z = -x. Is x composite?
False
Let u(c) = -16099*c + 10. Is u(-1) a prime number?
False
Suppose -702 = f - 4605. Suppose f = 2*w + 527. Is (w + 1)*(-6)/(-18) composite?
False
Suppose -4*x - 6 = -4*d + 18, -3*d - 2*x + 43 = 0. Suppose -4*p = -d*p + 3409. Is p prime?
True
Let u(y) be the first derivative of -y**2/2 - 9*y - 5. Let a be u(-11). Suppose a*t = -3*t + 575. Is t a composite number?
True
Let l(u) = u - 14. Let w be l(17). Suppose 5*g - w*y - 17945 = 0, 2*g - 5*g + 10767 = -2*y. Is g prime?
False
Let z = -1 - -5. Suppose 2*c = 2*j - z, -4*j + 13 = j - 2*c. Is ((-14)/3)/(j/(-9)) composite?
True
Suppose g = -5*r - 18, 0 = 2*g - r + 2*r. Suppose 1430 = 5*h + y, -2*y = 4*h + g*y - 1128. Is h prime?
False
Suppose -3*v = -v + 3*n - 3, -2*v = -2*n + 22. Let k be -6*((-15)/v - 3). Suppose -p + 4*a = k*p - 808, 5*a + 198 = p. Is p a composite number?
True
Let z be (-1 - -4) + (135 - 7). Is (1 - -1) + z + -6 composite?
False
Suppose 79*j = 71*j + 343832. Is j a prime number?
True
Suppose 8*r + 20703 = 3023. Is (r/(-39))/((-2)/(-3)) prime?
False
Let t(h) = -h + 6. Let c be t(6). Let l(m) = m**3 + 8*m**2 - 9*m + 3. Let q be l(-9). Suppose -q*y + y + 190 = c. Is y a prime number?
False
Let i(h) = -h**3 - 7*h**2 - 7*h - 2. Let z be i(-6). Is (-4)/z - 15*-4 prime?
True
Let u be (-399)/(-38) - (-3)/2. Suppose -16*r = -u*r - 508. Is r a prime number?
True
Let c be -20*(9/(-30))/((-18)/(-17265)). Suppose 4*g + g - c = 0. Is g a prime number?
True
Suppose y - 21 + 10 = 0. Suppose y*g - 10410 = -4*g. Is g a prime number?
False
Let a be 5/(15/9) - -1. Suppose a*l + 91 = 5*l. Let n = -60 + l. Is n composite?
False
Suppose -6*a + 7092 + 2706 = 0. Let p = a + -1112. Is p composite?
False
Let t be 6*(2 + -2 - (-12)/18). Suppose 3*o + 12818 = 7*o - 2*q, -5*o + 16003 = t*q. Is o a prime number?
True
Let i(f) be the third derivative of -59*f**5/60 - f**3/6 - 2*f**2. Let c be i(2). Let o = c - -574. Is o a composite number?
False
Suppose 9*s - 23401 = -f + 6*s, -4*f - 4*s + 93620 = 0. Is f composite?
True
Let j = 13 - -2. Let f be ((-235)/j)/((-1)/21). Suppose 0*z - z + 2*c = -f, 5*c = -15. Is z a composite number?
True
Let g(v) = -4*v**2 + 5*v + 1. Let a(l) = -5*l**2 + 6*l + 1. Let b(c) = -5*a(c) + 6*g(c). Let z be b(2). Suppose 0 = z*p + 114 - 499. Is p a composite number?
True
Let w(s) = -84*s**3 - 5*s**2 - 35*s + 17. Is w(-8) a composite number?
True
Let f(k) = -1320*k + 20. Let p be f(-8). Suppose -5*w + 11505 + p = 0. Is w a prime number?
False
Suppose h + y + 4 = -0, -4 = -y. Is (h/24)/((-1)/447) a composite number?
False
Let z be -18 - ((-1 - -3) + 0). Is (-4)/z + (-1104)/(-5) a composite number?
True
Let x = -976 + 1125. Is x a prime number?
True
Suppose 0 = 2*o + 3*o - 2225. Is o composite?
True
Suppose 2*o - 3*d - 10585 = 0, d - 621 = o - 5915. Is o a composite number?
False
Let j(a) = -a + 11. Let y be j(11). Suppose y = -s + 4*d + 24, 0*s + 2*d = -2*s - 2. Suppose 3*c + 2*q = 605, 0*c - 816 = -s*c + 2*q. Is c prime?
False
Suppose -33 + 825 = 2*h. Suppose -2*y - 2*z = -0*z - 202, 2*z = -4*y + h. Is y a prime number?
True
Suppose 295 - 1731 = -4*m. Suppose 2*f + 5 = 7*f, 0 = -2*t - f + m. Let s = 268 - t. Is s composite?
False
Let p be (-11)/((-11)/1480) + 4. Suppose 4*o - 1484 = -5*i, 6*o - 2*o - p = 2*i. Is o composite?
True
Is 3/5 + (-253752)/(-30) composite?
True
Let u = -904 + 3537. Is u a prime number?
True
Let g = 1660 + 313. Is g prime?
True
Suppose -7*k + 12*k = -4545. Let b = -597 - k. Let d = b + 575. Is d prime?
True
Suppose -p + d + 1999 = 0, -2*p - 5*d - 8001 = -6*p. Is p a prime number?
False
Let z be (-1)/(-3 - (-20)/8). Suppose 587 = 5*b - 3*x, -8 = -z*x + 4*x. Is b prime?
False
Let r = 28 - 15. Suppose -15*n = -r*n - 2908. Is n/10 + 2/(-5) a composite number?
True
Suppose 6*d - d - 375 = 0. Let b = d - 22. Is b a composite number?
False
Let c(s) = 8 - 2 + s**2 + 5*s**3 - 6*s - 1. Is c(4) composite?
False
Let u = 7954 - 4716. Is u prime?
False
Let s = 15 - 11. Suppose s*i + 533 + 1831 = 0. Let j = -62 - i. Is j a composite number?
True
Suppose 0*s - 4*s - 20 = 0. Let u be (-1510)/s - (-5 - -2). Let c = -186 + u. Is c composite?
True
Let q(l) = 3*l**2 - 70*l + 46. Is q(-33) a prime number?
True
Suppose 57*i = 64*i - 13811. Is i a composite number?
False
Suppose -3*b + 5900 = b. Suppose 0 = -5*x - a - 4*a + b, -605 = -2*x + 3*a. Suppose 0 = 3*s - s - x. Is s composite?
False
Is (0 + (-8)/(-20))/((-2)/(-3530)) composite?
True
Let y(b) = 2*b**3 + 3*b**2 - 4*b + 3. Let u be y(3). Suppose u = -3*l + r + 2*r, -l - 24 = -4*r. Is ((-246)/l)/(1/28) a prime number?
False
Let p be 0/(7/((-14)/(-4))) + -1293. Let a = p + 1916. Is a a composite number?
True
Let p(z) = -107*z**3 + 6*z**2 - 4*z + 9. Let a be p(-6). Suppose a = 10*r + 5351. Is r a composite number?
False
Let p = 27 + -24. Suppose -v + p = m, 3*v + 4*m = 9*m + 9. Suppose -v*f = -6*f + 489. Is f a composite number?
False
Let q = 3089 - 1285. Let a = 3087 - q. Is a prime?
True
Suppose 0 = -b - q + 116262, -5*b = -7*b - 4*q + 232534. Is b prime?
True
Suppose -10*s - 8*s + 596394 = 0. Is s prime?
False
Let n = -110 - -114. Suppose -w - p + 1563 + 685 = 0, 4*p = n*w - 8952. Is w a composite number?
False
Let k be 3 + -8 + 3 + 7. Let c be (k/(-15))/((-2)/4254). Suppose -2*u + 0*j + 294 = j, -5*u + 4*j + c = 0. Is u a composite number?
True
Let f be 158/13 + (-18)/117. Suppose -3*k = k + f. Let j = 12 + k. Is j prime?
False
Is ((-129112)/(-36))/((-1)/(-9)) a prime number?
False
Let b = -65 - -65. Let j(c) = -c**2 + 5*c + 5. Let x be j(5). Suppose -5*q + 0*q + 3*u + 604 = b, x*u + 15 = 0. Is q a prime number?
False
Suppose -33 - 45 = 6*r. Let y(t) = -45*t + 1. Is y(r) a composite number?
True
Let b(n) = n**3 - 8*n**2 - n + 11. Let o be b(8). Suppose 1 = -o*d + 10. Suppose -d*j = -8*j - 4*u + 765, -2*j + 289 = 5*u. Is j a composite number?
False
Let o be (-1 + 3)/((2/5)/(-1)). Is (-1)/(4/(-11432)) - o a composite number?
True
Suppose -9 = 2*s - 19, 0 = 5*a + 5*s - 13740. Is a a composite number?
True
Let z = -1957 - -6040. Suppose -2*v = v - z. Is v prime?
True
Suppose -h = h - 8. Suppose k + 8 - h = 3*d, 0 = 3*d + 2*k - 10. Suppose -d*q = -q + 5*t + 6, -50 = -5*q - 5*t. Is q a composite number?
True
Let j be ((-45)/(-3))/(4/(960 + -4)). Suppose 3*i = -3*v + j, -2*i - 2394 = -4*i - 4*v. Is i a composite number?
False
Suppose 0 = 4*b - 5*r + 493, -5*r + 534 = -5*b - 76. Is b*(0 + 155/(-15)) + 4 composite?
False
Suppose 2*b - 96 = -0*b. Suppose -s = -9*s + b. Is s a p